t l(u) = -20*u**2 - u**3 + 7*u**2 - 13*u + 29 + 0*u**3. What are the prime factors of l(j)?
41
Let o(b) be the second derivative of -5/12*b**4 - 11*b - 2/3*b**3 - 2*b**2 + 0 - 2/5*b**5. List the prime factors of o(-3).
179
Let x(c) = -62*c - 52. Let i be x(-6). Suppose -f - 9*l = -8*l - 163, -2*f + i = 5*l. What are the prime factors of f?
3, 5, 11
Let f be -1581*((-1)/(-1) + 1 + -1). Let v = f - -657. List the prime factors of 2/(-3) - (-3 + v/9).
3, 5, 7
Let s = 468 - 607. Let t = s - -263. What are the prime factors of t?
2, 31
Let i be 4/(-10) - 44/(-10). Let w be 9 + (-4)/(i + 0). Suppose w + 18 = x. What are the prime factors of x?
2, 13
Let m = 15 - -409. Let s = m - -12. What are the prime factors of s?
2, 109
Suppose -1406 = 5*o - 2*g, -4*g - 825 = 3*o + g. Let n = o - -411. List the prime factors of n.
131
Suppose -z = 4 - 6. Suppose -m + 27 = z*l, 6*m - 7*m = -2*l + 25. Let g = l + 119. What are the prime factors of g?
2, 3, 11
Let z(d) = 0*d**2 + 10*d**2 - 14 - 10*d + d**3 + 2*d**2. Let s be z(-10). Suppose 3*h + s = 5*g, g - h = 3*g - 121. List the prime factors of g.
59
Suppose 25*j = 8*j + 187. Let y(q) = 7*q**2 + 21*q - 46. What are the prime factors of y(j)?
2, 3, 43
Let x(p) = -3*p**2 - 4*p + 17. Let w be x(-6). Let j be 45/60 - w/(-4). List the prime factors of j/7 - 2/(-7) - -89.
3, 29
Let i(b) = 4*b**3 - 127*b**2 - 33*b + 54. What are the prime factors of i(32)?
2, 11
Suppose -x + 478 = 4*r, -3*r = 8*x - 9*x + 513. List the prime factors of x.
2, 3, 83
Let s = 2656 - 1289. Let h = 1967 - s. Suppose 0*d = 10*d - h. List the prime factors of d.
2, 3, 5
Suppose -4*f + 24 = 0, 5*v - 5*f - 280 = -0*f. Let t(m) = -26*m + 1. Let n be t(-1). Let b = v - n. List the prime factors of b.
5, 7
Let j(t) = -2*t - 22. Suppose -13*m + 18 = -4*m. Suppose 4*b - 58 = 3*d, -m*b + 0*b = 4*d + 48. List the prime factors of j(d).
2, 3
Let d(i) = 292*i - 55. List the prime factors of d(13).
3, 29, 43
Let o(m) = m**2 - m + 6 - 4 - 20 - 2*m - 13. What are the prime factors of o(-22)?
3, 173
Let w = 63 + -14. Suppose 220 = 4*t + 4*n, -2*n - w = -t + 3*n. List the prime factors of t.
2, 3
Suppose -5*b = 16*b - 216131 - 175729. What are the prime factors of b?
2, 3, 5, 311
What are the prime factors of (-4 - (-3 - 2))*-18387*(-54)/81?
2, 3, 227
Let v(r) = -25*r + 37. Let t(b) = -8*b + 12. Let y(u) = -u + 15. Let j be y(7). Let g(c) = j*t(c) - 3*v(c). List the prime factors of g(6).
3, 17
What are the prime factors of 10800/162*954/4*2/3?
2, 5, 53
Suppose 0*w = w - 5, -3*w = -4*a + 1465. Let j be (-2)/4*((-6)/(-3) - a). Let n = -129 + j. List the prime factors of n.
5, 11
Let t = 6 + -51. Let d = -46 - t. List the prime factors of (-1)/(4/18*d/22).
3, 11
Let u = 137 - -390. Suppose o - 4*d - u = 0, -3*o - 3*d + 1098 = -o. Suppose -4*q + 197 = -3*p - o, 3*q - 5*p = 566. List the prime factors of q.
2, 7, 13
Suppose -n - 1 = -4*g + g, -5*n - 5 = g. Suppose q + 3*b - 4 = g, -q + 1 = 2*b - 3. Suppose 2*p + 3*p - 5 = 0, 4*l - q*p = 264. List the prime factors of l.
67
Let d be 403/5 - (-102)/(-170). Suppose 0 = q - 465 + d. List the prime factors of q.
5, 7, 11
Let n = 6337 + -2750. List the prime factors of n.
17, 211
Let w = -615 - -729. Let f = 10 + -1. Suppose w = f*m - 921. What are the prime factors of m?
5, 23
Let m(g) = 205*g**2 + 2*g - 2. Let b be (-18)/(-21) - (-6)/42. Suppose -5*y + 2 = 3*v, 2*v + b = -y - 0. List the prime factors of m(y).
5, 41
Let s be (-96)/(-45) - 14/105. Suppose 0 = 4*b - b - 3*t - 3636, t = -s*b + 2439. List the prime factors of b.
1217
Let a(f) = 26*f**2 + 3*f - 62. Let j be a(-11). Suppose 3*h + 6*h - j = 0. What are the prime factors of h?
3, 113
Let p be ((-12)/(-21))/((-4)/(-14)). Suppose 3*r + 5*t + 50 = -r, t + 28 = -p*r. What are the prime factors of (35/r + 2)*-171?
3, 19
Let s(d) = -21*d - 1047. Let q be s(-50). Let i be 3*(94/3 + 0). Suppose -q*w = -w - i. List the prime factors of w.
47
Suppose -2*i - 11*c + 508 = -14*c, 4*c - 1316 = -5*i. Suppose -4*v = i - 3060. What are the prime factors of v?
2, 5, 7
Suppose 2906 - 54016 = -5*u. List the prime factors of u.
2, 19, 269
Let w be (-1)/(18/12 + (-3 - -1)). Let y be w/(3*2/(-612)). Let n = -82 - y. What are the prime factors of n?
2, 61
Suppose z - 1 = 0, -63151 = -3*u - 46*z + 42*z. List the prime factors of u.
7, 31, 97
Suppose -318*q + 313*q + 178242 = -2*g, 106929 = 3*q - 3*g. List the prime factors of q.
2, 3, 2971
Let k(t) = 76*t**2 + t + 1. Suppose -13 = -2*s - 17. What are the prime factors of k(s)?
3, 101
Let i(z) be the second derivative of -13*z**3/6 + 60*z**2 - 113*z. What are the prime factors of i(-6)?
2, 3, 11
Let l(p) = 1531*p**2 + 5*p - 27. What are the prime factors of l(-3)?
3, 19, 241
Let j be (-1 - -2)/((-11)/(-3366)). Suppose 2*x - j - 88 = 0. List the prime factors of x.
197
Let l(w) = 13*w - 4. Let k be l(0). What are the prime factors of ((-3 - -4)/1)/(k/(-292))?
73
Suppose -k + 5*z = -27, 0 = z - 6*z - 25. Suppose -k*o + 3*s + 92 = 0, -s - 93 = -3*o + 59. What are the prime factors of o?
2, 13
Let b(j) = -j**2 - 24*j + 83. Let l be b(-27). Suppose l*q - 81 = -7*q. Suppose -2*v - 1 + q = 0. What are the prime factors of v?
2
List the prime factors of (7 - -9942)/(1 + 0).
9949
Suppose -k - 4*f + 32926 = 0, 0 = 5*f + 50 - 80. What are the prime factors of k?
2, 16451
Let l(g) = 3*g**2 + 27*g + 17. Let u be l(-11). Suppose -3171 = -90*i + u*i. List the prime factors of i.
3, 151
Let v = -22973 + 40452. List the prime factors of v.
7, 11, 227
Suppose -21*v + 14309 = 3*x - 19*v, -2*x = 4*v - 9518. List the prime factors of x.
5, 191
Suppose -2*l = -8*g - 1488 - 260, 4*l + 3*g = 3515. List the prime factors of l.
2, 439
What are the prime factors of 106176/20 + (-48)/(-240)?
5309
Suppose 267*k = 1211470 + 6371330. What are the prime factors of k?
2, 5, 71
Let b(c) = -2*c - 81. Let m(w) = -w - 54. Let f(s) = -5*b(s) + 8*m(s). Let l be f(13). Let q = 66 - l. List the prime factors of q.
67
Let n = 28223 + 55472. List the prime factors of n.
5, 19, 881
Let b = -20 - 24. Let n = b - -44. What are the prime factors of 49 + -1 + n + -4?
2, 11
Suppose -63*k - 643836 = -184*k + 427619. List the prime factors of k.
5, 7, 11, 23
Let i(g) = -g**2 + 4*g + 7. Suppose -5*m + 2*z = 7*z + 15, 2*z = 4*m + 24. Let p = 0 - m. List the prime factors of i(p).
2
Let f(j) = 4*j**2 + 20*j + 8. Let z(u) be the third derivative of u**4/12 + 7*u**3/6 - 28*u**2. Let x be z(-8). What are the prime factors of f(x)?
2, 19
Let d(o) = -5*o + 13. Let s be d(3). Let r = s + -1. Let n(b) = -12*b + 8. What are the prime factors of n(r)?
2, 11
Let l = 70567 + -31283. What are the prime factors of l?
2, 7, 23, 61
Let j(l) = 6*l**3 - 11*l**2 - 5*l. Let p be j(-4). Let s = p + 1100. What are the prime factors of s?
2, 5, 7
Let t(r) = r**2 + 11*r + 31. Let k be t(-4). Suppose 6*m + 1050 = 11*m - 5*i, m + k*i = 202. What are the prime factors of m?
2, 13
List the prime factors of ((-1655028)/(-310))/((-2)/(-5)).
3, 1483
Let x be -130*1 + (7 + -7)/5. Let g = x + 274. What are the prime factors of g?
2, 3
Let s(d) = -d**2 - 2*d + 710. Let v = -190 - -190. List the prime factors of s(v).
2, 5, 71
What are the prime factors of (-83)/(-1826) - (-239711)/22?
2, 3, 227
Let t(l) = 5*l - 10*l - 46 - 13*l. Let h be (-16 - -10)*(19/2 - 4 - 4). List the prime factors of t(h).
2, 29
What are the prime factors of (-77 + 10)*-59 + -7?
2, 1973
Suppose 5*g - 1423 = -118. Suppose 3*h - 2*h = 3*o - g, 3*o = -4*h + 246. What are the prime factors of o?
2, 43
Let k = -166 + 167. Let h be -187 + -5*(-8)/20. List the prime factors of -1*k/(5/h).
37
Let m = 229 + -224. Suppose m*f - 327 = -z, 4*z - f = 3*z + 351. What are the prime factors of z?
347
Suppose 77*l + 4*z + 32438 = 78*l, -l - 3*z + 32403 = 0. List the prime factors of l.
2, 3, 1801
Suppose -9*m + m + 495060 = 29*m. What are the prime factors of m?
2, 3, 5, 223
Let v = -25274 + 40733. What are the prime factors of v?
3, 5153
Let f be (-4 - -5) + (155 - 4). Suppose z + 108 = -2*z. Let q = z + f. What are the prime factors of q?
2, 29
Let b(m) = 1608*m**3 - 4*m**2 + 3*m + 2. Let v be b(6). What are the prime factors of v/440 - 1/10?
3, 263
Suppose 0 = 5*i - 8*i + 7752. Suppose 18*m + i = 26*m. What are the prime factors of m?
17, 19
Let h = -22